 27779.
26
Calculate the remainder when 7276916 is divided by 8.
4
Calculate the remainder when 535577806 is divided by 7919.
7917
Calculate the remainder when 409573 is divided by 309.
148
Calculate the remainder when 784169 is divided by 248.
241
What is the remainder when 173505 is divided by 954?
831
What is the remainder when 621524 is divided by 621512?
12
What is the remainder when 1703367 is divided by 212920?
7
What is the remainder when 66304 is divided by 13230?
154
What is the remainder when 27083084 is divided by 12727?
28
What is the remainder when 5789949 is divided by 1929978?
15
What is the remainder when 9047110 is divided by 562?
34
Calculate the remainder when 72488343 is divided by 76.
75
Calculate the remainder when 12976107 is divided by 2217.
6
Calculate the remainder when 2513380 is divided by 1515.
1510
Calculate the remainder when 14455 is divided by 2105.
1825
Calculate the remainder when 8025879 is divided by 1708.
1695
Calculate the remainder when 497626 is divided by 696.
682
What is the remainder when 176491844 is divided by 4902551?
8
What is the remainder when 268253 is divided by 18990?
2393
Calculate the remainder when 18605537 is divided by 620184.
17
Calculate the remainder when 6328666 is divided by 4.
2
What is the remainder when 107315 is divided by 1197?
782
Calculate the remainder when 21201017 is divided by 27.
23
What is the remainder when 198400984 is divided by 10?
4
What is the remainder when 7218370 is divided by 126?
82
Calculate the remainder when 32855371 is divided by 14217.
14101
Calculate the remainder when 57457321 is divided by 108410.
21
What is the remainder when 869026 is divided by 8?
2
Calculate the remainder when 8949278 is divided by 121.
118
Calculate the remainder when 4789676 is divided by 60628.
64
What is the remainder when 165099718 is divided by 7668?
10
What is the remainder when 263316 is divided by 153?
3
Calculate the remainder when 1725313 is divided by 1071.
1003
Calculate the remainder when 254172 is divided by 14780.
2912
Calculate the remainder when 37835782 is divided by 10646.
10544
Calculate the remainder when 62284 is divided by 6060.
1684
What is the remainder when 5113969 is divided by 1278468?
97
What is the remainder when 1206997 is divided by 4105?
127
Calculate the remainder when 315988 is divided by 890.
38
What is the remainder when 118718022 is divided by 202?
198
What is the remainder when 563631 is divided by 40?
31
What is the remainder when 13071 is divided by 5343?
2385
What is the remainder when 80019366 is divided by 311?
310
Calculate the remainder when 265156 is divided by 421.
347
Calculate the remainder when 981851 is divided by 98183.
21
What is the remainder when 881864 is divided by 2312?
992
What is the remainder when 34743634 is divided by 76?
6
What is the remainder when 59311970 is divided by 1101?
1100
What is the remainder when 56751629 is divided by 2076?
17
What is the remainder when 150612 is divided by 50192?
36
Calculate the remainder when 26652 is divided by 1929.
1575
What is the remainder when 812227 is divided by 36?
31
Calculate the remainder when 1293187 is divided by 80823.
19
Calculate the remainder when 120272257 is divided by 208806.
1
What is the remainder when 13184 is divided by 2355?
1409
Calculate the remainder when 21599198 is divided by 36.
26
Calculate the remainder when 79519 is divided by 572.
11
Calculate the remainder when 17542 is divided by 16808.
734
Calculate the remainder when 3118435 is divided by 6930.
6865
Calculate the remainder when 72820 is divided by 12091.
274
Calculate the remainder when 37017898 is divided by 23.
19
Calculate the remainder when 649033 is divided by 321015.
7003
What is the remainder when 90743 is divided by 585?
68
What is the remainder when 91630049 is divided by 10?
9
Calculate the remainder when 105538 is divided by 3018.
2926
What is the remainder when 6692676 is divided by 6692499?
177
Calculate the remainder when 147865 is divided by 5793.
3040
What is the remainder when 784630 is divided by 261528?
46
Calculate the remainder when 625990 is divided by 52163.
34
What is the remainder when 55979636 is divided by 22?
20
Calculate the remainder when 1984766 is divided by 32537.
9
Calculate the remainder when 4773211 is divided by 133.
107
What is the remainder when 53443687 is divided by 71?
70
What is the remainder when 240374 is divided by 457?
449
Calculate the remainder when 2820736 is divided by 47012.
16
What is the remainder when 434641 is divided by 39?
25
What is the remainder when 22533 is divided by 94?
67
Calculate the remainder when 515905 is divided by 832.
65
What is the remainder when 963411 is divided by 20498?
5
Calculate the remainder when 34785 is divided by 317.
232
Calculate the remainder when 109357 is divided by 9629.
3438
Calculate the remainder when 222371 is divided by 31767.
2
Calculate the remainder when 410660 is divided by 2668.
2456
Calculate the remainder when 138914 is divided by 34434.
1178
Calculate the remainder when 124081 is divided by 731.
542
Calculate the remainder when 72321016 is divided by 14964.
4
What is the remainder when 2350061 is divided by 35075?
36
Calculate the remainder when 212032 is divided by 1752.
40
Calculate the remainder when 155718 is divided by 77732.
254
Calculate the remainder when 3315981 is divided by 4147.
2528
Calculate the remainder when 1465714338 is divided by 1634.
1632
What is the remainder when 75690308 is divided by 95?
8
What is the remainder when 334366 is divided by 3268?
1030
What is the remainder when 6418690 is divided by 39?
31
What is the remainder when 1122328510 is divided by 12?
10
What is the remainder when 98039 is divided by 112?
39
What is the remainder when 9794096 is divided by 63?
53
What is the remainder when 33267750 is divided by 114?
42
What is the remainder when 25883426 is divided by 1149?
1052
What is the remainder when 2415095 is divided by 3927?
3917
What is the remainder when 345146 is divided by 172530?
86
What is the remainder when 18679763 is divided by 686?
669
Calculate the remainder when 20791898 is divided by 210019.
17
What is the remainder when 3347519 is divided by 1579?
39
What is the remainder when 16589 is divided by 616?
573
What is the remainder when 154790458 is divided by 15?
13
What is the remainder when 3222707 is divided by 78?
59
Calculate the remainder when 10080955 is divided by 183290.
5
Calculate the remainder when 1889416 is divided by 1889365.
51
Calculate the remainder when 6757230 is divided by 711.
597
What is the remainder when 191249 is divided by 1328?
17
What is the remainder when 59282 is divided by 28497?
2288
What is the remainder when 135956390 is divided by 446?
426
Calculate the remainder when 13128 is divided by 330.
258
Calculate the remainder when 127141 is divided by 6013.
868
Calculate the remainder when 2395692 is divided by 20.
12
Calculate the remainder when 1763580 is divided by 4845.
0
Calculate the remainder when 39913 is divided by 4987.
17
What is the remainder when 149486 is divided by 29894?
16
What is the remainder when 662773 is divided by 9196?
661
What is the remainder when 15323 is divided by 13564?
1759
What is the remainder when 186507337 is divided by 85?
82
Calculate the remainder when 1072953 is divided by 1072870.
83
Calculate the remainder when 29234489 is divided by 223164.
5
Calculate the remainder when 163999 is divided by 265.
229
What is the remainder when 712946 is divided by 101481?
2579
Calculate the remainder when 74760 is divided by 18552.
552
Calculate the remainder when 221113525 is divided by 10304.
10293
What is the remainder when 3736195 is divided by 934039?
39
Calculate the remainder when 65863932 is divided by 81.
78
Calculate the remainder when 33172 is divided by 10714.
1030
Calculate the remainder when 88094 is divided by 21879.
578
What is the remainder when 484980 is divided by 242453?
74
What is the remainder when 91264 is divided by 4331?
313
Calculate the remainder when 749415 is divided by 249279.
1578
Calculate the remainder when 2944113 is divided by 2944047.
66
What is the remainder when 1034218 is divided by 200?
18
What is the remainder when 9507406 is divided by 24?
